of 118?
False
Is 2457388485 a multiple of 1281?
False
Does 101 divide 55628376?
True
Does 1262 divide 2566330968?
False
Does 138 divide 45014496?
True
Is 207 a factor of 386158707?
True
Is 335807327 a multiple of 2581?
False
Is 2430 a factor of 34462260?
True
Is 56093357 a multiple of 549?
False
Does 13115 divide 4425709210?
True
Is 77953012 a multiple of 314?
True
Is 2559 a factor of 227868714?
True
Is 836 a factor of 26384160?
True
Does 812 divide 252321812?
False
Is 29865462 a multiple of 3?
True
Is 732 a factor of 119548776?
True
Is 497 a factor of 11993125?
False
Does 326 divide 86990294?
False
Does 272 divide 178534876?
False
Is 19066253 a multiple of 432?
False
Does 751 divide 1292258673?
False
Does 33 divide 2479955?
False
Is 37495825 a multiple of 373?
True
Does 47 divide 39981043?
False
Is 36361752 a multiple of 574?
True
Is 1510 a factor of 42677465?
False
Is 282 a factor of 1289304?
True
Is 26 a factor of 608612963?
False
Is 51 a factor of 32045787?
False
Is 142 a factor of 28365898?
False
Does 22 divide 11365675?
False
Is 94263731 a multiple of 2001?
False
Does 66 divide 18266424?
True
Is 1204576 a multiple of 32?
True
Is 877 a factor of 69403149?
True
Does 4875 divide 630640374?
False
Is 163059986 a multiple of 71?
False
Is 62735112 a multiple of 968?
True
Is 169 a factor of 39513314?
False
Does 646 divide 111695246?
False
Is 161 a factor of 1741161709?
True
Is 2002973 a multiple of 91?
False
Is 41 a factor of 1026597869?
False
Is 568 a factor of 31291688?
True
Is 74543251 a multiple of 3633?
False
Is 77251925 a multiple of 1525?
True
Is 4129545814 a multiple of 169?
False
Does 6262 divide 375256612?
True
Is 2725 a factor of 549406325?
True
Is 604 a factor of 175391546?
False
Is 66639647 a multiple of 19?
False
Is 20 a factor of 3396340?
True
Does 3153 divide 105039042?
True
Does 126 divide 357794262?
True
Is 535 a factor of 13157655?
False
Is 10812825 a multiple of 249?
True
Does 5182 divide 1026051546?
True
Does 763 divide 20079871?
True
Does 137 divide 639540050?
False
Is 215 a factor of 5021063?
False
Is 1807 a factor of 1788551705?
False
Is 2112808563 a multiple of 243?
False
Does 778 divide 608396?
True
Is 55 a factor of 131301644?
False
Is 2244 a factor of 29809296?
True
Is 335192411 a multiple of 21?
False
Is 83794497 a multiple of 44?
False
Is 32 a factor of 27441216?
True
Is 96966025 a multiple of 65?
True
Is 13650417 a multiple of 11?
True
Is 123 a factor of 138047892?
False
Is 29071640 a multiple of 37?
True
Does 34 divide 7289073?
False
Is 3459 a factor of 53778264?
False
Does 28 divide 22870624?
True
Does 21 divide 371175882?
True
Is 5642 a factor of 461375474?
False
Is 129799093 a multiple of 387?
False
Is 99836626 a multiple of 113?
False
Does 131 divide 38739451?
True
Is 715 a factor of 92567062?
False
Is 20 a factor of 475793480?
True
Does 253 divide 958696474?
False
Is 33 a factor of 112933953?
True
Does 38 divide 22142638?
True
Is 3350260381 a multiple of 5621?
False
Is 38136916 a multiple of 57?
False
Does 22 divide 25875835?
False
Is 322466340 a multiple of 124?
True
Is 111 a factor of 6076473?
True
Is 566552838 a multiple of 93?
True
Does 772 divide 107809353?
False
Does 134 divide 16283680?
True
Is 74285441 a multiple of 130?
False
Does 170 divide 14691570?
True
Is 551464193 a multiple of 46?
False
Is 239 a factor of 52697863?
False
Is 43492644 a multiple of 18?
True
Does 39 divide 29248926?
False
Is 2024 a factor of 47962728?
True
Is 92687009 a multiple of 2240?
False
Does 6 divide 523651?
False
Does 674 divide 19536222?
False
Is 15404953 a multiple of 19?
True
Is 1007966707 a multiple of 236?
False
Does 5 divide 12601795?
True
Does 865 divide 551636661?
False
Does 2110 divide 325893720?
True
Is 1679 a factor of 106143022?
True
Is 523737920 a multiple of 64?
True
Does 8166 divide 701100096?
True
Is 47587129 a multiple of 3446?
False
Does 3 divide 33096627?
True
Is 167 a factor of 92252303?
True
Does 6 divide 10075267?
False
Is 58 a factor of 2179953084?
True
Is 60488768 a multiple of 41?
False
Is 23 a factor of 44682698?
True
Is 533251340 a multiple of 724?
True
Does 80 divide 6501040?
True
Is 28595320 a multiple of 104?
True
Is 298004248 a multiple of 182?
False
Is 193237956 a multiple of 93?
False
Is 1609127564 a multiple of 253?
True
Is 46 a factor of 179411603?
False
Does 22 divide 4278296?
True
Does 11 divide 7817128?
True
Does 4 divide 437287656?
True
Is 14222937 a multiple of 708?
False
Is 648 a factor of 15289388?
False
Does 51 divide 2080211307?
True
Is 284 a factor of 106297939?
False
Is 13901212 a multiple of 52?
True
Does 91 divide 505870365?
True
Does 100 divide 13383400?
True
Is 18 a factor of 90452160?
True
Does 27 divide 1002314351?
False
Is 9 a factor of 39610449?
True
Is 16204192 a multiple of 32?
True
Is 16785 a factor of 4265676839?
False
Does 951 divide 65591421?
True
Is 98519586 a multiple of 76?
False
Does 478 divide 37432439?
False
Does 3684 divide 725644485?
False
Does 53 divide 3547984?
False
Is 5406 a factor of 355730830?
False
Is 2365 a factor of 763587550?
True
Is 7050 a factor of 58041935?
False
Is 1634 a factor of 259644116?
False
Is 133 a factor of 155887573?
False
Is 312723912 a multiple of 24?
True
Is 2267181 a multiple of 8?
False
Is 480289381 a multiple of 299?
True
Is 631276019 a multiple of 3496?
False
Does 913 divide 12325529?
False
Does 11 divide 16700720?
False
Is 33 a factor of 28617633?
True
Does 48 divide 32663904?
True
Is 873080632 a multiple of 2336?
False
Is 458 a factor of 2367220481?
False
Is 21 a factor of 290246628?
True
Does 167 divide 312258858?
False
Does 1519 divide 797599045?
False
Is 511 a factor of 1453284?
True
Is 1205 a factor of 203376285?
True
Is 6 a factor of 852580169?
False
Does 13 divide 438090211?
True
Is 2211 a factor of 46508385?
True
Is 5654141 a multiple of 7?
False
Does 2800 divide 3519810000?
True
Is 108731925 a multiple of 23?
True
Is 258 a factor of 2939253?
False
Is 11307651 a multiple of 29?
True
Is 399670164 a multiple of 1602?
True
Is 40 a factor of 78314160?
True
Does 2 divide 44206548?
True
Is 15 a factor of 143701273?
False
Does 6 divide 358530296?
False
Is 9827 a factor of 2633979945?
True
Is 263488652 a multiple of 130?
False
Is 161846700 a multiple of 597?
True
Is 22740656 a multiple of 367?
False
Is 255456823 a multiple of 30?
False
Is 14 a factor of 535713?
False
Does 9634 divide 654533960?
True
Does 142 divide 18452103?
False
Does 47 divide 507203837?
True
Is 58926874 a multiple of 982?
True
Is 163153352 a multiple of 8?
True
Is 24 a factor of 13828056?
True
Is 88632126 a multiple of 27?
False
Does 454 divide 472488242?
True
Is 117288808 a multiple of 4414?
True
Does 26 divide 142156219?
False
Does 381 divide 77490094?
False
Is 9 a factor of 520672140?
True
Is 14 a factor of 2514744?
False
Is 90268980 a multiple of 255?
True
Is 75128508 a multiple of 443?
False
Is 1211 a factor of 21140094?
False
Is 762966318 a multiple of 838?
True
Does 322 divide 63593068?
True
Does 265 divide 386799416?
False
Is 69024800 a multiple of 4?
True
Is 29428322 a multiple of 11?
True
Is 31096338 a multiple of 21?
True
Is 3382680 a multiple of 7?
True
Does 35 divide 890225?
True
Is 16 a factor of 24094464?
True
Is 27 a factor of 259419132?
True
Is 583434123 a multiple of 74?
False
Is 199 a factor of 110260328?
True
Is 3936 a factor of 813685344?
True
Is 67 a factor of 822492?
True
Is 468813221 a multiple of 5?
False
Is 31287659 a multiple of 902?
False
Does 42 divide 29200827?
False
Is 202 a factor of 243579163?
False
Is 1052 a factor of 963339544?
True
Is 402460664 a multiple of 4?
True
Is 3137013 a multiple of 17?
False
Is 39 a factor of 22653260?
False
Does 794 divide 165228907?
False
Does 28 divide 369878797?
False
Does 1126 divide 268591515?
False
Is 1216588514 a multiple of 61?
True
Is 127403206 a multiple of 7?
True
Does 30 divide 29828115?
False
Is 8851949 a multiple of 245?
False
Does 308 divide 4775144?
False
Is 448 a factor of 722556352?
True
Is 151 a factor of 12233066?
False
Is 33 a factor of 1322797760?
False
Is 21 a factor of 16121141?
False
Is 61 a factor of 49244751?
True
Is 1211 a factor of 62184850?
True
Does 11 divide 325757586?
True
Is 32 a factor of 961529952?
True
Is 13 a factor of 446428411?
True
Is 195 a factor